b894?
-2b8a8
In base 7, what is -331 - -30551?
30220
In base 16, what is -c8d3b - 6?
-c8d41
In base 16, what is -46 - -bb630?
bb5ea
In base 9, what is 0 - -4808534?
4808534
In base 2, what is 1000 - 100000001111011101011101?
-100000001111011101010101
In base 14, what is -36d947 - 6?
-36d94d
In base 7, what is 343301305 - -2?
343301310
In base 6, what is -12434 - 20530?
-33404
In base 13, what is 235c - 7ac0?
-5761
In base 13, what is 433 + -286ab?
-28278
In base 11, what is 9 - 917a5a?
-917a51
In base 10, what is -29 - 6503?
-6532
In base 7, what is -14031 - 6335?
-23366
In base 15, what is -6803 + -b9?
-68bc
In base 15, what is 1b6d8e + 0?
1b6d8e
In base 10, what is -246693 + 5?
-246688
In base 6, what is -405333 - 4?
-405341
In base 16, what is -1879df - 1b?
-1879fa
In base 3, what is -110111 + -12112221000?
-12120101111
In base 11, what is -2756 + -863a?
-10295
In base 7, what is -54635 + -652?
-55620
In base 11, what is -10891640 - -11?
-1089162a
In base 13, what is -3b + -1338b7?
-133925
In base 8, what is -214407 - 3?
-214412
In base 13, what is -137b2cc + -27?
-137b326
In base 14, what is -1 - 136bb4d9?
-136bb4da
In base 14, what is -4 - -8024961?
802495b
In base 11, what is -2562716 + -5?
-2562720
In base 15, what is 2e - 80566?
-80537
In base 16, what is -442132 - d?
-44213f
In base 12, what is 5 + -1829b4?
-1829ab
In base 8, what is -253 - 7561653?
-7562126
In base 10, what is -33750483 - 8?
-33750491
In base 3, what is 12 - 11120101102102?
-11120101102020
In base 4, what is -12 - 2020001111?
-2020001123
In base 4, what is -11313021020 - -10?
-11313021010
In base 14, what is -7 + -545508?
-545511
In base 11, what is -1574 + 143513?
141a4a
In base 11, what is -30031 - -272a?
-28402
In base 7, what is 6302310 + 3?
6302313
In base 9, what is -18 - 1814023?
-1814042
In base 6, what is -1524021 - 52?
-1524113
In base 3, what is 2112201 + 11020120?
20210021
In base 7, what is 1150235 - 4514?
1142421
In base 15, what is d + -33e9?
-33db
In base 15, what is 15771e7 - 1?
15771e6
In base 3, what is 2212 - 11200101120?
-11200021201
In base 12, what is 2a1 + -92a?
-649
In base 14, what is -179 + -75871?
-75a0a
In base 7, what is 0 - 1151063514?
-1151063514
In base 14, what is 1845a78 - -5?
1845a7d
In base 16, what is d57dc + c?
d57e8
In base 15, what is -3b21d68 - -3?
-3b21d65
In base 2, what is -1001011100101111111001011 + 100?
-1001011100101111111000111
In base 14, what is -1 + -7a854a?
-7a854b
In base 16, what is -4ee10f - 6?
-4ee115
In base 7, what is 5624343 + 152?
5624525
In base 2, what is 100101010110010101 - 1100010?
100101010100110011
In base 11, what is -11 + 14a7555?
14a7544
In base 10, what is -540 - -6862?
6322
In base 3, what is 10011 - 2201122201122?
-2201122121111
In base 7, what is 340314142 - -2?
340314144
In base 12, what is -6a0 + 240a1?
23601
In base 6, what is -1435 - -123023?
121144
In base 11, what is -57 - 31263?
-3130a
In base 14, what is 2279646 - -21?
2279667
In base 16, what is 2e9 - -1878?
1b61
In base 12, what is 320a41 - 5a?
3209a3
In base 10, what is 3 + -9660905?
-9660902
In base 13, what is a25cb - 13?
a25b8
In base 6, what is 2 + 104015041?
104015043
In base 3, what is -1200120210 - -212220?
-1122200220
In base 12, what is 8 + -63539a?
-635392
In base 14, what is 1bc7 - -333d?
5126
In base 16, what is -57c - -8d64?
87e8
In base 13, what is -291 + 29b22?
29861
In base 2, what is 0 + 10000011101101110010101001?
10000011101101110010101001
In base 15, what is -2a685 - 1684?
-2bd19
In base 4, what is -1020 + -320121320?
-320123000
In base 2, what is 1000101 - 111100100010100111?
-111100100001100010
In base 4, what is 13030210033 - -1?
13030210100
In base 11, what is 368755 + 35?
36878a
In base 10, what is 532 - -48977?
49509
In base 8, what is 23 - 42414100?
-42414055
In base 8, what is -5266 - -116065?
110577
In base 2, what is -110011110001000 + -10011011110?
-110110001100110
In base 4, what is 22122 + 311103122?
311131310
In base 4, what is 222 - 122110100?
-122103212
In base 2, what is 11110111101 - 111100101111?
-11101110010
In base 9, what is -3278648 - -103?
-3278545
In base 3, what is -12101120 + 2110110?
-2221010
In base 6, what is -152 - -51032130?
51031534
In base 4, what is 21303021 + -3333?
21233022
In base 11, what is 5 + 112666a?
1126674
In base 12, what is -5 - -5765248?
5765243
In base 8, what is 16154 - -11647?
30023
In base 3, what is -1000002020121121102 - 11?
-1000002020121121120
In base 14, what is -3b55506 - 5?
-3b5550b
In base 7, what is 5 + 1446541320?
1446541325
In base 14, what is 2 - 5871ba?
-5871b8
In base 16, what is 6 - -15b9438?
15b943e
In base 2, what is -100101010010100 - -100100011?
-100100101110001
In base 2, what is 1010100100110110 + -1000001111011?
1001100010111011
In base 5, what is -133314243 + 3030?
-133311213
In base 16, what is -741d00 - -2?
-741cfe
In base 8, what is -730535 + 227?
-730306
In base 11, what is -968288 - 0?
-968288
In base 15, what is -b1 + 59ecc?
59e1b
In base 11, what is -148 + -6431?
-6579
In base 3, what is 11 - -20201002110112?
20201002110200
In base 15, what is -b7 + -13529a?
-135362
In base 12, what is -70 - -9a1ab?
9a13b
In base 9, what is -4877568 + 3?
-4877565
In base 4, what is 0 + -111200001130?
-111200001130
In base 13, what is -23956 - -10?
-23946
In base 12, what is -1 - -355a311?
355a310
In base 4, what is 101302 - -102031121?
102133023
In base 15, what is 38420 - 531?
37dde
In base 9, what is -37 - -12333444?
12333406
In base 7, what is -136 + -2335401?
-2335540
In base 7, what is -1 - -101300551?
101300550
In base 8, what is -56 - -407636?
407560
In base 4, what is 2132000 + 10020210?
12212210
In base 7, what is -6163 + -3516032?
-3525225
In base 11, what is -539a443 + 4?
-539a43a
In base 3, what is -2200210120110 + -200?
-2200210121010
In base 13, what is -62a38c82 - -4?
-62a38c7b
In base 4, what is 101123130111 + 131?
101123130302
In base 3, what is -10111000221 - 2111?
-10111010102
In base 8, what is 24662 + 3?
24665
In base 4, what is -13 + 130220000?
130213321
In base 10, what is -25 + 828113?
828088
In base 2, what is -111101011010011111101011 + -101?
-111101011010011111110000
In base 11, what is -5 - 5709a?
-570a4
In base 6, what is -1 + -134311001?
-134311002
In base 11, what is 1 + -81477a?
-814779
In base 11, what is -52 - 156638?
-15668a
In base 8, what is 1710243722 - 2?
1710243720
In base 4, what is 11010 + -220222101?
-220211031
In base 3, what is -101 + -110222001111020?
-110222001111121
In base 16, what is 75c325 - -58?
75c37d
In base 13, what is 921653b - 18?
9216523
In base 11, what is 4860088 - 3?
4860085
In base 2, what is 1 - -11011100010111010100010111?
11011100010111010100011000
In base 2, what is -110100001101001001 + -110?
-110100001101001111
In base 7, what is -165063130 + -4?
-165063134
In base 7, what is 1026316 + -25?
1026261
In base 13, what is -5 - 398a0ca?
-398a102
In base 4, what is -233 - -100312301?
100312002
In base 2, what is 101 - 10010110001110000111100?
-10010110001110000110111
In base 13, what is -42 - 1b9bc0?
-1b9c32
In base 12, what is -8a7 + -263a?
-3325
In base 10, what is 5616 - -83765?
89381
In base 8, what is 6671134 - -73?
6671227
In base 15, what is 160 - 347b26?
-3479b6
In base 10, what is 0 - 754641?
-754641
In base 2, what is -100000000001111001110 + 111?
-100000000001111000111
In base 7, what is 11230 + -313?
10614
In base 10, what is -49 + 1982628?
1982579
In base 6, what is -14202 + -2340502?
-2355104
In base 15, what is -1945cb - 37?
-194613
In base 2, what is 1010111011010101010 + -1010?
1010111011010100000
In base 16, what is -e1c + -1eef4?
-1fd10
In base 4, what is -3102301 + 2211?
-3100030
In base 5, what is -2112013124 - 10?
-2112013134
In base 9, what is 250 + 1231324?
1231574
In base 11, what is -1176 + 71384?
70209
In base 9, what is -2842483 + 277?
-2842205
In base 14, what is 6ad7 - 7a2?
6335
In base 15, what is 19 - -1633dc?
163406
In base 13, what is -351c90 + -2?
-351c92
In base 11, what is 310693a6 + -5?
310693a1
In base 10, what is 22278 - 19666?
2612
In base 11, what is 39 - 405270?
-405232
In base 5, what is 420 + 21344213?
21400133
In base 12, what is -1 - -4177a35?
4177a34
In base 12, what is 2 - -383805a?
3838060
In base 4, what is 103212 - -2011230?
212110